{"id":923,"date":"2022-01-10T12:37:54","date_gmt":"2022-01-10T12:37:54","guid":{"rendered":"https:\/\/info.dossenberger.de\/?page_id=923"},"modified":"2025-12-02T12:19:40","modified_gmt":"2025-12-02T12:19:40","slug":"tag-der-offenen-tuer","status":"publish","type":"page","link":"https:\/\/info.dossenberger.de\/index.php\/tag-der-offenen-tuer\/","title":{"rendered":"Tag der offenen T\u00fcr 2026"},"content":{"rendered":"\n<p>\u00a0<\/p>\n<table style=\"border-collapse: collapse; width: 100%;\">\n<tbody>\n<tr>\n<td style=\"width: 99.8551%; text-align: center;\" colspan=\"2\">\n<p><strong>Tag der offenen T\u00fcr 2026<br \/>am Samstag, den 07.02.2026<\/strong><\/p>\n<\/td>\n<\/tr>\n<tr>\n<td style=\"width: 16.9566%;\">\u00a0<\/td>\n<td style=\"width: 82.8985%; text-align: center;\">\n<p><strong>15:00 bis 17:30 Uhr<\/strong><\/p>\n<\/td>\n<\/tr>\n<tr>\n<td style=\"width: 16.9566%; text-align: left;\">\n<p><strong>F\u00fcr wen?<\/strong><\/p>\n<\/td>\n<td style=\"width: 82.8985%;\">\n<p>Insbesondere f\u00fcr Grundsch\u00fclerinnen und Grundsch\u00fcler mit ihren Eltern, die sich f\u00fcr den <strong>\u00dcbertritt<\/strong> an unsere Schule interessieren.<\/p>\n<\/td>\n<\/tr>\n<tr>\n<td style=\"width: 16.9566%; text-align: left;\">\n<p><strong>Programm<\/strong><\/p>\n<\/td>\n<td style=\"width: 82.8985%;\">\n<p><strong>Schnupperunterricht<br \/><\/strong><strong>Schule in Aktion<br \/><\/strong> (\u00d6ffnung der R\u00e4umlichkeiten, verbunden mit vielen Aktionen unserer Sch\u00fclerinnen und Sch\u00fcler)<\/p>\n<\/td>\n<\/tr>\n<\/tbody>\n<\/table>\n\n\n\n<p><img loading=\"lazy\" decoding=\"async\" class=\"aligncenter size-full wp-image-1164\" src=\"https:\/\/info.dossenberger.de\/wp-content\/uploads\/2025\/03\/totuer2025-2.jpg\" alt=\"\" width=\"336\" height=\"360\" srcset=\"https:\/\/info.dossenberger.de\/wp-content\/uploads\/2025\/03\/totuer2025-2.jpg 336w, https:\/\/info.dossenberger.de\/wp-content\/uploads\/2025\/03\/totuer2025-2-280x300.jpg 280w\" sizes=\"auto, (max-width: 336px) 100vw, 336px\" \/><\/p>\n","protected":false},"excerpt":{"rendered":"<p>\u00a0 Tag der offenen T\u00fcr 2026am Samstag, den 07.02.2026 \u00a0 15:00 bis 17:30 Uhr F\u00fcr wen? Insbesondere f\u00fcr Grundsch\u00fclerinnen und Grundsch\u00fcler mit ihren Eltern, die sich f\u00fcr den \u00dcbertritt an unsere Schule interessieren. Programm SchnupperunterrichtSchule in Aktion (\u00d6ffnung der R\u00e4umlichkeiten, verbunden mit vielen Aktionen unserer Sch\u00fclerinnen und Sch\u00fcler)<\/p>\n","protected":false},"author":1,"featured_media":0,"parent":0,"menu_order":0,"comment_status":"closed","ping_status":"closed","template":"","meta":{"footnotes":""},"class_list":["post-923","page","type-page","status-publish","hentry"],"_links":{"self":[{"href":"https:\/\/info.dossenberger.de\/index.php\/wp-json\/wp\/v2\/pages\/923","targetHints":{"allow":["GET"]}}],"collection":[{"href":"https:\/\/info.dossenberger.de\/index.php\/wp-json\/wp\/v2\/pages"}],"about":[{"href":"https:\/\/info.dossenberger.de\/index.php\/wp-json\/wp\/v2\/types\/page"}],"author":[{"embeddable":true,"href":"https:\/\/info.dossenberger.de\/index.php\/wp-json\/wp\/v2\/users\/1"}],"replies":[{"embeddable":true,"href":"https:\/\/info.dossenberger.de\/index.php\/wp-json\/wp\/v2\/comments?post=923"}],"version-history":[{"count":35,"href":"https:\/\/info.dossenberger.de\/index.php\/wp-json\/wp\/v2\/pages\/923\/revisions"}],"predecessor-version":[{"id":1199,"href":"https:\/\/info.dossenberger.de\/index.php\/wp-json\/wp\/v2\/pages\/923\/revisions\/1199"}],"wp:attachment":[{"href":"https:\/\/info.dossenberger.de\/index.php\/wp-json\/wp\/v2\/media?parent=923"}],"curies":[{"name":"wp","href":"https:\/\/api.w.org\/{rel}","templated":true}]}}