{"id":898,"date":"2022-01-06T09:07:26","date_gmt":"2022-01-06T09:07:26","guid":{"rendered":"https:\/\/info.dossenberger.de\/?page_id=898"},"modified":"2022-11-22T13:43:02","modified_gmt":"2022-11-22T13:43:02","slug":"willkommensnachmittag-2022","status":"publish","type":"page","link":"https:\/\/info.dossenberger.de\/index.php\/willkommensnachmittag-2022\/","title":{"rendered":"Willkommensnachmittag"},"content":{"rendered":"\n<p>Auch in diesem Schuljahr werden wir alle Sch\u00fclerinnen und Sch\u00fcler der neuen 5. Klassen und deren Eltern im Juli vorab begr\u00fc\u00dfen, Ihnen die Schule vorstellen und sie mit wichtigen Informationen zum ersten Schultag und der ersten Schulwochen ausstatten.<\/p>\n<p>\u00dcber den genauen Termin und den Ablauf werden Sie fr\u00fchzeitig per Email von uns eingeladen.<\/p>\n<p>Am Willkommensnachmittag wollen wir<\/p>\n<ul>\n<li>\u00fcber die Klasseneinteilungen informieren<\/li>\n<li>die Klassenleiter vorstellen<\/li>\n<li>Ihren Kindern die Klassenzimmer vorstellen<\/li>\n<li>die M\u00f6glichkeit zum Erwerb der notwendigen Unterrichtsmaterialien bieten<\/li>\n<li>\u00fcber den Ablauf der ersten Schultage informieren<\/li>\n<li>Einsicht in die verwendeten Schulb\u00fccher erm\u00f6glichen<\/li>\n<li>Hinweise zur offenen Ganztagesschule geben<\/li>\n<li>die Elternbeiratsarbeit vorstellen<\/li>\n<\/ul>\n<p>Und Ihnen nat\u00fcrlich die M\u00f6glichkeit zur Kl\u00e4rung wichtiger Fragen geben.<\/p>\n<p><br \/>Die Schulleitung<\/p>\n","protected":false},"excerpt":{"rendered":"<p>Auch in diesem Schuljahr werden wir alle Sch\u00fclerinnen und Sch\u00fcler der neuen 5. Klassen und deren Eltern im Juli vorab begr\u00fc\u00dfen, Ihnen die Schule vorstellen und sie mit wichtigen Informationen zum ersten Schultag und der ersten Schulwochen ausstatten. \u00dcber den genauen Termin und den Ablauf werden Sie fr\u00fchzeitig per Email von uns eingeladen. Am Willkommensnachmittag &hellip; <a href=\"https:\/\/info.dossenberger.de\/index.php\/willkommensnachmittag-2022\/\" class=\"more-link\"><span class=\"screen-reader-text\">Willkommensnachmittag<\/span> weiterlesen<\/a><\/p>\n","protected":false},"author":1,"featured_media":0,"parent":0,"menu_order":0,"comment_status":"closed","ping_status":"closed","template":"","meta":{"footnotes":""},"class_list":["post-898","page","type-page","status-publish","hentry"],"_links":{"self":[{"href":"https:\/\/info.dossenberger.de\/index.php\/wp-json\/wp\/v2\/pages\/898","targetHints":{"allow":["GET"]}}],"collection":[{"href":"https:\/\/info.dossenberger.de\/index.php\/wp-json\/wp\/v2\/pages"}],"about":[{"href":"https:\/\/info.dossenberger.de\/index.php\/wp-json\/wp\/v2\/types\/page"}],"author":[{"embeddable":true,"href":"https:\/\/info.dossenberger.de\/index.php\/wp-json\/wp\/v2\/users\/1"}],"replies":[{"embeddable":true,"href":"https:\/\/info.dossenberger.de\/index.php\/wp-json\/wp\/v2\/comments?post=898"}],"version-history":[{"count":2,"href":"https:\/\/info.dossenberger.de\/index.php\/wp-json\/wp\/v2\/pages\/898\/revisions"}],"predecessor-version":[{"id":1044,"href":"https:\/\/info.dossenberger.de\/index.php\/wp-json\/wp\/v2\/pages\/898\/revisions\/1044"}],"wp:attachment":[{"href":"https:\/\/info.dossenberger.de\/index.php\/wp-json\/wp\/v2\/media?parent=898"}],"curies":[{"name":"wp","href":"https:\/\/api.w.org\/{rel}","templated":true}]}}