{"id":873,"date":"2022-01-06T08:42:56","date_gmt":"2022-01-06T08:42:56","guid":{"rendered":"https:\/\/info.dossenberger.de\/?page_id=873"},"modified":"2025-12-06T07:26:27","modified_gmt":"2025-12-06T07:26:27","slug":"termine-zum-uebertritt","status":"publish","type":"page","link":"https:\/\/info.dossenberger.de\/index.php\/informationen-zum-uebertritt\/termine-zum-uebertritt\/","title":{"rendered":"Termine zum \u00dcbertritt"},"content":{"rendered":"\n<table style=\"border-collapse: collapse; width: 100%; height: 770px;\">\n<tbody>\n<tr style=\"height: 134px;\">\n<td style=\"width: 50%; height: 134px;\">\n<p>Rundgang durch das Dossenberger-Gymnasium<\/p>\n<\/td>\n<td style=\"width: 50%; height: 134px;\">\n<p>Besuchen Sie uns pers\u00f6nlich:<strong><br \/><\/strong><a href=\"https:\/\/info.dossenberger.de\/index.php\/informationen-zum-uebertritt\/infos-1\/\">Bitte vereinbaren Sie hier einen Termin &#8230;<\/a><\/p>\n<\/td>\n<\/tr>\n<tr style=\"height: 209px;\">\n<td style=\"width: 50%; height: 209px;\">\n<p>Tag der offenen T\u00fcr und Informationsveranstaltung zum \u00dcbertritt mit Informationen<\/p>\n<ul>\n<li>zum neunj\u00e4hrigen bayerischen Gymnasium<\/li>\n<li>zum Dossenberger-Gymnasium<\/li>\n<li>zu den \u00dcbertrittsformalien<\/li>\n<\/ul>\n<\/td>\n<td style=\"width: 50%; height: 209px;\">\n<p><strong>Samstag, 07.02.2026, 14:00 &#8211; 17.30 Uhr<\/strong><\/p>\n<p><strong>14:00-15:00 Uhr<\/strong> <strong>Infoveranstaltung:<\/strong><br \/>Begr\u00fc\u00dfung in der Aula durch Herrn Lang<\/p>\n<p><strong>15:00-17:30 Uhr<\/strong> <strong>Tag der offenen T\u00fcr:<\/strong><br \/><strong>15:00 Uhr<\/strong> Start aller Aktionen<br \/><strong>15:15 Uhr<\/strong> Schnupperunterricht &#8211; 1. Schiene<br \/><strong>15:40 Uhr<\/strong> Schnupperunterricht &#8211; 2. Schiene<br \/><strong>17:30 Uhr<\/strong> Ende<\/p>\n<\/td>\n<\/tr>\n<tr style=\"height: 59px;\">\n<td style=\"width: 50%; height: 59px;\">\n<p>9. Dossenberger R\u00f6mertag<\/p>\n<\/td>\n<td style=\"width: 50%; height: 59px;\">\n<p><strong>Donnerstag, 12.02.2026, 16.00 Uhr<br \/><\/strong><\/p>\n<\/td>\n<\/tr>\n<tr style=\"height: 81px;\">\n<td style=\"width: 50%; height: 81px;\">\n<p>Anmeldewoche<\/p>\n<\/td>\n<td style=\"width: 50%; height: 81px;\">\n<p>Montag, 11.05.2026 bis<br \/>Mittwoch, 13.05.2026, 08:00-17:00 Uhr, Freitag, 15.05.2026, 08:00-12.00 Uhr<\/p>\n<\/td>\n<\/tr>\n<tr style=\"height: 59px;\">\n<td style=\"width: 50%; height: 59px;\">\n<p>Probeunterricht<\/p>\n<\/td>\n<td style=\"width: 50%; height: 59px;\">\n<p>Dienstag, 19.05.2026 bis<br \/>Donnerstag, 21.05.2026<\/p>\n<\/td>\n<\/tr>\n<tr style=\"height: 81px;\">\n<td style=\"width: 50%; height: 81px;\">\n<p>Willkommensnachmittag<\/p>\n<\/td>\n<td style=\"width: 50%; height: 81px;\">\n<p>Ende Juli, <br \/>sie werden fr\u00fchzeitig informiert und eingeladen.<\/p>\n<\/td>\n<\/tr>\n<\/tbody>\n<\/table>\n","protected":false},"excerpt":{"rendered":"<p>Rundgang durch das Dossenberger-Gymnasium Besuchen Sie uns pers\u00f6nlich:Bitte vereinbaren Sie hier einen Termin &#8230; Tag der offenen T\u00fcr und Informationsveranstaltung zum \u00dcbertritt mit Informationen zum neunj\u00e4hrigen bayerischen Gymnasium zum Dossenberger-Gymnasium zu den \u00dcbertrittsformalien Samstag, 07.02.2026, 14:00 &#8211; 17.30 Uhr 14:00-15:00 Uhr Infoveranstaltung:Begr\u00fc\u00dfung in der Aula durch Herrn Lang 15:00-17:30 Uhr Tag der offenen T\u00fcr:15:00 Uhr &hellip; <a href=\"https:\/\/info.dossenberger.de\/index.php\/informationen-zum-uebertritt\/termine-zum-uebertritt\/\" class=\"more-link\"><span class=\"screen-reader-text\">Termine zum \u00dcbertritt<\/span> weiterlesen<\/a><\/p>\n","protected":false},"author":1,"featured_media":0,"parent":453,"menu_order":0,"comment_status":"closed","ping_status":"closed","template":"","meta":{"footnotes":""},"class_list":["post-873","page","type-page","status-publish","hentry"],"_links":{"self":[{"href":"https:\/\/info.dossenberger.de\/index.php\/wp-json\/wp\/v2\/pages\/873","targetHints":{"allow":["GET"]}}],"collection":[{"href":"https:\/\/info.dossenberger.de\/index.php\/wp-json\/wp\/v2\/pages"}],"about":[{"href":"https:\/\/info.dossenberger.de\/index.php\/wp-json\/wp\/v2\/types\/page"}],"author":[{"embeddable":true,"href":"https:\/\/info.dossenberger.de\/index.php\/wp-json\/wp\/v2\/users\/1"}],"replies":[{"embeddable":true,"href":"https:\/\/info.dossenberger.de\/index.php\/wp-json\/wp\/v2\/comments?post=873"}],"version-history":[{"count":34,"href":"https:\/\/info.dossenberger.de\/index.php\/wp-json\/wp\/v2\/pages\/873\/revisions"}],"predecessor-version":[{"id":1204,"href":"https:\/\/info.dossenberger.de\/index.php\/wp-json\/wp\/v2\/pages\/873\/revisions\/1204"}],"up":[{"embeddable":true,"href":"https:\/\/info.dossenberger.de\/index.php\/wp-json\/wp\/v2\/pages\/453"}],"wp:attachment":[{"href":"https:\/\/info.dossenberger.de\/index.php\/wp-json\/wp\/v2\/media?parent=873"}],"curies":[{"name":"wp","href":"https:\/\/api.w.org\/{rel}","templated":true}]}}